e remainder when g is divided by d?
27
Let k be ((-5652)/42)/((-2)/14). What is the remainder when 249 is divided by 2/10 - 4*k/(-60)?
60
Calculate the remainder when 372 is divided by (-129)/(-215) + 936/15.
57
Let m(u) = -2*u + 39. Let i be m(14). Let k = i + -9. Suppose 0*y = -k*y + 78. What is the remainder when 75 is divided by y?
36
Let t = 3478 - 3469. Let s(u) = 11*u - u**2 - 8*u + 7*u + 10. Calculate the remainder when 50 is divided by s(t).
12
Suppose 2*c + 13502 = -2*b + 13532, 4*c + b - 33 = 0. Suppose 4*v - 162 = x + x, 0 = -v + x + 43. Calculate the remainder when v is divided by c.
2
What is the remainder when 346 is divided by (-200)/2*(-12)/((-528)/(-55))?
96
Let l(t) = t**2 + 4*t - 77. Calculate the remainder when 5297 is divided by l(8).
15
Let g = -17 - -19. Suppose -23 = -16*m + 9. Suppose -2*h - m*i = -6*h + 186, 90 = g*h - 2*i. What is the remainder when h is divided by 14?
6
Suppose 4*m + i = 326, -756*m - 3*i + 168 = -754*m. Calculate the remainder when m is divided by 59.
22
Suppose 5*v - 794*p = -789*p + 295, -2*p + 29 = v. Let x = 543 - -140. Calculate the remainder when x is divided by v.
46
Let i(s) = 20*s**3 + s**2 - s. Let o be (-6)/(-10) + ((-36)/45)/(-2). Calculate the remainder when 53 is divided by i(o).
13
Let h(u) = -u**2 + 14*u - 9. Let k be h(12). Let a = -35 + k. Let j = 2 - a. Calculate the remainder when 85 is divided by j.
19
Suppose 11 = 3*d - 1. Suppose d*k + 5*h = 2*h + 354, -2*k = -2*h - 170. Let t = k + -29. What is the remainder when t is divided by 6?
4
Suppose -5*z + 26700 = -25*m + 23*m, -2*z = 3*m - 10680. What is the remainder when z is divided by 13?
10
Suppose -42*n + 69*n - 88209 = 0. Calculate the remainder when n is divided by 30.
27
Let g = 57 - 20. Let d = -287304 + 287448. What is the remainder when d is divided by g?
33
Let x = 1308 + -23. Suppose -5*f + 1285 = -k, -5*f = 3*k + k - x. What is the remainder when f is divided by 43?
42
Let s = 11 - -14. Suppose -7*t = -4 + s. Calculate the remainder when 16 + t + (-8)/(-2) is divided by 5.
2
Let t = 12631 + -12442. Calculate the remainder when 1525 is divided by t.
13
Let b(q) = -74*q - 9832. Calculate the remainder when 47 is divided by b(-133).
7
Let x = -23 - -30. Let j(p) = -3 - 7*p + p**2 + 2*p + 3 + 3. Calculate the remainder when 99 is divided by j(x).
14
Suppose 0*h = 5*h - 1070. Let s = -23200 - -23245. Calculate the remainder when h is divided by s.
34
Suppose 2*f = -2*l, -12*l - 15 = -13*l + 2*f. Suppose 2*a - l*p = 48, 5*a - 5*p - 113 = 37. Calculate the remainder when 643 is divided by a.
31
Suppose 7*i - 8*i - a + 1 = 0, -3*a - 3 = 0. Let d(t) = 11*t**3 - 3*t**2 + 1. What is the remainder when 536 is divided by d(i)?
74
Suppose -2*h - 15 = -11. Let s(b) = -5*b - 10. Let i(r) = 9*r + 20. Let f(l) = 2*i(l) + 5*s(l). What is the remainder when 15 is divided by f(h)?
3
Let m(o) = -39*o + 517. Calculate the remainder when m(12) is divided by 7.
0
Let m = -286 + 288. Suppose j = -2*o + 21, -4*j + o + 51 = -m*o. Suppose 3*f - 5*a - 103 = 278, -f = -5*a - 117. Calculate the remainder when f is divided by j.
12
Let a = -289 - -1052. Let y = a - 757. Let q = -11 + 33. What is the remainder when q is divided by y?
4
Suppose 5*u - 9 = -2*x, -x - x + 5*u - 1 = 0. Suppose -3*m + 5*y = -959, -4*y = -x*m - 44 + 682. What is the remainder when m is divided by 12?
11
Let z = 13 + -3. Suppose 0 = 6*h - 14 - z. Calculate the remainder when ((-1)/2)/(h/(-152)) is divided by 5.
4
Suppose 61*i + 49*i - 56760 = 0. Calculate the remainder when i is divided by 51.
6
Let b(m) = m**3 + 3*m**2 + m + 7. Let i(x) = x**2 - 5*x. Let w be i(6). Let n be 1/(14/(-30) + w/45). Calculate the remainder when b(n) is divided by 3.
1
Let i be 3 - (-4 + 5) - -1. Suppose -5*k + 59 + 506 = -v, 433 = 4*k + i*v. What is the remainder when 124 is divided by k?
12
Let h = 22628 - 22480. Calculate the remainder when 805 is divided by h.
65
Let g(q) = 2*q**2 - 20*q + 21. Let f(i) = 3*i**2 - 21*i + 23. Let w(t) = 5*f(t) - 6*g(t). Calculate the remainder when w(-7) is divided by 5.
1
Let t be 81/21 + (-3)/(-21). Suppose -4*z = m - 3 - 2, t*z + 4*m = 8. Calculate the remainder when 22 is divided by (z - -4)*(-36)/(-15).
10
Calculate the remainder when -2 + (61 - (2 - 2)) is divided by 9 - (13 + (-70)/5).
9
Let k(g) = 259*g - 342. Calculate the remainder when k(11) is divided by 93.
89
Suppose v = 2*v - 26. Suppose -71 = -4*j - 6*l - 93, -2*j - 29 = 5*l. What is the remainder when v is divided by j?
2
What is the remainder when 1438 is divided by ((-768)/36)/((-36)/162)?
94
Let i(w) be the first derivative of 5*w**3/3 - 23*w**2 - 4*w - 201. Calculate the remainder when i(11) is divided by 14.
11
Let z be -6*(-34)/5*(-15)/2. Let o be ((-2)/(-6))/(912/z + 3). Let k(s) = -s**3 + 16*s**2 + 18*s + 35. What is the remainder when 204 is divided by k(o)?
48
Let p(m) = -63*m**3 - 2*m**2 + 31*m + 51. Calculate the remainder when p(-5) is divided by 18.
17
Let n = -3705 + 3862. Calculate the remainder when n is divided by 94.
63
Suppose 2*a - 538 - 132 = 3*k, 16 = 4*k. What is the remainder when a is divided by 185?
156
Suppose o + 2*l = 34, 3*l + 225 = 5*o + 42. What is the remainder when 3307 is divided by o?
31
Suppose 5*g + 2*s = 102, -5*g + 6*g - 16 = 4*s. Let l = g + 184. What is the remainder when l is divided by 41?
40
Suppose -17*b - 27 = -26*b. Suppose -27 = -b*j - m, 2*m + 14 = 2*j + 4. What is the remainder when (-1)/(-5) - 417/(-15) is divided by j?
4
Let q = 13845 - 13757. What is the remainder when 231 is divided by q?
55
Let u(t) = -5*t**2 - 285*t + 347. Calculate the remainder when 1306 is divided by u(-58).
52
Let f(p) = 11*p**2 - 34*p - 16. What is the remainder when 293 is divided by f(5)?
26
Let l be (-4)/14 + (-99)/21. Let r(p) = -6*p**2 - 2*p + 10. Let x(f) = -f**2 + 4. Let d(h) = -r(h) + 5*x(h). Calculate the remainder when 99 is divided by d(l).
24
Suppose -10*t - 2528 = 6*t. Let u = -149 - t. Suppose 0 = 2*j - 24. What is the remainder when j is divided by u?
3
Let g(i) = i**3 - 9*i**2 + 13*i + 71. Calculate the remainder when 2413 is divided by g(0).
70
Let h = -47 + 52. What is the remainder when (46/6)/((-67)/(-201)) is divided by h?
3
Let g(f) = -6*f**2 + 103*f + 26. Calculate the remainder when 266 is divided by g(17).
8
Suppose -12*k = 8*k - 280. Let z = 670 - 266. What is the remainder when z is divided by k?
12
Let x(v) = -v**2 + 13*v + 1019. What is the remainder when 421 is divided by x(39)?
1
Let z be 3 + -3 - 5*-16. Let w = 311 - z. Let u = 51364 + -51335. What is the remainder when w is divided by u?
28
Suppose -196*o + 143*o = -4346. What is the remainder when 443 is divided by o?
33
Let k = -4 + 6. Suppose -3*u + 440 = k*u. Let d(a) = 2*a**2 - 28*a - 593. What is the remainder when u is divided by d(26)?
26
Let o(t) be the first derivative of 4*t**3/3 - 4*t**2 - 15*t - 260. What is the remainder when 216 is divided by o(-3)?
36
Let c(b) = -b**2 + 216*b + 1573. Calculate the remainder when c(0) is divided by 121.
0
Let b(p) = -p**2 - 19*p - 59. What is the remainder when (-2 + 27)*1 + -3 is divided by b(-5)?
0
Let t = -55 - -53. Let k be (0/1 - 0) + (1 - t). Suppose -k*u - 2*q + 226 = 3*q, 2*u + 5*q = 149. What is the remainder when u is divided by 16?
13
Suppose 9*d - 1331 = 1117. Suppose j - 300 = -d. Calculate the remainder when 106 is divided by j.
22
Let i(j) = 50*j**3 - 3*j**2 + 5*j + 2. Let h be i(2). Let l = h + -340. Calculate the remainder when l is divided by 27.
6
Let d = 3642 + -3587. What is the remainder when 71 is divided by d?
16
Calculate the remainder when 541 is divided by (5*(-203)/(-175) - 7)/((-18)/1380).
81
What is the remainder when 81 is divided by (1 - -3)/(14 + (-2424)/174)*1?
23
Let n = 237 + -232. Suppose -n*g = w - 285, -6*g + 2*g - 285 = -w. What is the remainder when w is divided by 26?
25
Calculate the remainder when 4/3 - (-4)/(36/2085) is divided by 72.
17
Calculate the remainder when (551 + -633)/(4/(-6)) is divided by 24.
3
Suppose -5*k + 1308 = s, 315*s - 311*s + 5*k - 5367 = 0. What is the remainder when s is divided by 112?
9
Let f(n) = 6*n**2 - 49*n - 277. What is the remainder when f(21) is divided by 670?
0
Suppose -4*r = -3*r - s - 12, 3*r + s = 28. Suppose 0 = -11*p - 56 + 441. What is the rema